{"id":333,"date":"2021-09-27T10:41:37","date_gmt":"2021-09-27T14:41:37","guid":{"rendered":"https:\/\/2030evactionplan.ca\/home\/"},"modified":"2023-09-05T15:09:34","modified_gmt":"2023-09-05T19:09:34","slug":"home","status":"publish","type":"page","link":"https:\/\/2030evactionplan.thedev.ca\/fr\/","title":{"rendered":"Accueil"},"content":{"rendered":"","protected":false},"excerpt":{"rendered":"","protected":false},"author":1,"featured_media":973,"parent":0,"menu_order":0,"comment_status":"closed","ping_status":"closed","template":"page-flexible.php","meta":{"_acf_changed":false,"_monsterinsights_skip_tracking":false,"_monsterinsights_sitenote_active":false,"_monsterinsights_sitenote_note":"","_monsterinsights_sitenote_category":0,"footnotes":""},"acf":[],"yoast_head":"<!-- This site is optimized with the Yoast SEO plugin v22.1 - https:\/\/yoast.com\/wordpress\/plugins\/seo\/ -->\n<title>Accueil - Electric Mobility Canada<\/title>\n<meta name=\"robots\" content=\"noindex, follow, max-snippet:-1, max-image-preview:large, max-video-preview:-1\" \/>\n<meta property=\"og:locale\" content=\"fr_FR\" \/>\n<meta property=\"og:type\" content=\"article\" \/>\n<meta property=\"og:title\" content=\"Mon Canada roule \u00e9lectrique\" \/>\n<meta property=\"og:description\" content=\"Il est temps pour le Canada de faire la transition vers les v\u00e9hicules \u00e9lectriques.\" \/>\n<meta property=\"og:url\" content=\"https:\/\/2030evactionplan.thedev.ca\/fr\/\" \/>\n<meta property=\"og:site_name\" content=\"Electric Mobility Canada\" \/>\n<meta property=\"article:modified_time\" content=\"2023-09-05T19:09:34+00:00\" \/>\n<meta property=\"og:image\" content=\"https:\/\/2030evactionplan.thedev.ca\/wp-content\/uploads\/2022\/03\/1-4.png\" \/>\n\t<meta property=\"og:image:width\" content=\"940\" \/>\n\t<meta property=\"og:image:height\" content=\"788\" \/>\n\t<meta property=\"og:image:type\" content=\"image\/png\" \/>\n<meta name=\"twitter:card\" content=\"summary_large_image\" \/>\n<meta name=\"twitter:title\" content=\"Mon Canada roule \u00e9lectrique\" \/>\n<meta name=\"twitter:description\" content=\"Il est temps pour le Canada de faire la transition vers les v\u00e9hicules \u00e9lectriques.\" \/>\n<meta name=\"twitter:image\" content=\"https:\/\/2030evactionplan.thedev.ca\/wp-content\/uploads\/2022\/03\/1-5.png\" \/>\n<meta name=\"twitter:site\" content=\"@EMC_MEC\" \/>\n<script type=\"application\/ld+json\" class=\"yoast-schema-graph\">{\"@context\":\"https:\/\/schema.org\",\"@graph\":[{\"@type\":\"WebPage\",\"@id\":\"https:\/\/2030evactionplan.thedev.ca\/fr\/\",\"url\":\"https:\/\/2030evactionplan.thedev.ca\/fr\/\",\"name\":\"Accueil - Electric Mobility Canada\",\"isPartOf\":{\"@id\":\"https:\/\/2030evactionplan.thedev.ca\/#website\"},\"datePublished\":\"2021-09-27T14:41:37+00:00\",\"dateModified\":\"2023-09-05T19:09:34+00:00\",\"breadcrumb\":{\"@id\":\"https:\/\/2030evactionplan.thedev.ca\/fr\/#breadcrumb\"},\"inLanguage\":\"fr-FR\",\"potentialAction\":[{\"@type\":\"ReadAction\",\"target\":[\"https:\/\/2030evactionplan.thedev.ca\/fr\/\"]}]},{\"@type\":\"BreadcrumbList\",\"@id\":\"https:\/\/2030evactionplan.thedev.ca\/fr\/#breadcrumb\",\"itemListElement\":[{\"@type\":\"ListItem\",\"position\":1,\"name\":\"Home\",\"item\":\"https:\/\/2030evactionplan.thedev.ca\/fr\/\"},{\"@type\":\"ListItem\",\"position\":2,\"name\":\"Accueil\"}]},{\"@type\":\"WebSite\",\"@id\":\"https:\/\/2030evactionplan.thedev.ca\/#website\",\"url\":\"https:\/\/2030evactionplan.thedev.ca\/\",\"name\":\"Electric Mobility Canada\",\"description\":\"100% of passenger vehicle sales in Canada. By 2030.\",\"publisher\":{\"@id\":\"https:\/\/2030evactionplan.thedev.ca\/#organization\"},\"potentialAction\":[{\"@type\":\"SearchAction\",\"target\":{\"@type\":\"EntryPoint\",\"urlTemplate\":\"https:\/\/2030evactionplan.thedev.ca\/?s={search_term_string}\"},\"query-input\":\"required name=search_term_string\"}],\"inLanguage\":\"fr-FR\"},{\"@type\":\"Organization\",\"@id\":\"https:\/\/2030evactionplan.thedev.ca\/#organization\",\"name\":\"Electric Mobility Canada Mobilit\u00e9 \u00e9lectrique Canada\",\"url\":\"https:\/\/2030evactionplan.thedev.ca\/\",\"logo\":{\"@type\":\"ImageObject\",\"inLanguage\":\"fr-FR\",\"@id\":\"https:\/\/2030evactionplan.thedev.ca\/#\/schema\/logo\/image\/\",\"url\":\"https:\/\/2030evactionplan.thedev.ca\/wp-content\/uploads\/2022\/03\/1-2.png\",\"contentUrl\":\"https:\/\/2030evactionplan.thedev.ca\/wp-content\/uploads\/2022\/03\/1-2.png\",\"width\":940,\"height\":788,\"caption\":\"Electric Mobility Canada Mobilit\u00e9 \u00e9lectrique Canada\"},\"image\":{\"@id\":\"https:\/\/2030evactionplan.thedev.ca\/#\/schema\/logo\/image\/\"},\"sameAs\":[\"https:\/\/twitter.com\/EMC_MEC\",\"https:\/\/www.linkedin.com\/company\/electric-mobility-canada\/\",\"https:\/\/www.youtube.com\/channel\/UC9lFBv32xJNRHcQvteDOW-w\"]}]}<\/script>\n<!-- \/ Yoast SEO plugin. -->","yoast_head_json":{"title":"Accueil - Electric Mobility Canada","robots":{"index":"noindex","follow":"follow","max-snippet":"max-snippet:-1","max-image-preview":"max-image-preview:large","max-video-preview":"max-video-preview:-1"},"og_locale":"fr_FR","og_type":"article","og_title":"Mon Canada roule \u00e9lectrique","og_description":"Il est temps pour le Canada de faire la transition vers les v\u00e9hicules \u00e9lectriques.","og_url":"https:\/\/2030evactionplan.thedev.ca\/fr\/","og_site_name":"Electric Mobility Canada","article_modified_time":"2023-09-05T19:09:34+00:00","og_image":[{"width":940,"height":788,"url":"https:\/\/2030evactionplan.thedev.ca\/wp-content\/uploads\/2022\/03\/1-4.png","type":"image\/png"}],"twitter_card":"summary_large_image","twitter_title":"Mon Canada roule \u00e9lectrique","twitter_description":"Il est temps pour le Canada de faire la transition vers les v\u00e9hicules \u00e9lectriques.","twitter_image":"https:\/\/2030evactionplan.thedev.ca\/wp-content\/uploads\/2022\/03\/1-5.png","twitter_site":"@EMC_MEC","schema":{"@context":"https:\/\/schema.org","@graph":[{"@type":"WebPage","@id":"https:\/\/2030evactionplan.thedev.ca\/fr\/","url":"https:\/\/2030evactionplan.thedev.ca\/fr\/","name":"Accueil - Electric Mobility Canada","isPartOf":{"@id":"https:\/\/2030evactionplan.thedev.ca\/#website"},"datePublished":"2021-09-27T14:41:37+00:00","dateModified":"2023-09-05T19:09:34+00:00","breadcrumb":{"@id":"https:\/\/2030evactionplan.thedev.ca\/fr\/#breadcrumb"},"inLanguage":"fr-FR","potentialAction":[{"@type":"ReadAction","target":["https:\/\/2030evactionplan.thedev.ca\/fr\/"]}]},{"@type":"BreadcrumbList","@id":"https:\/\/2030evactionplan.thedev.ca\/fr\/#breadcrumb","itemListElement":[{"@type":"ListItem","position":1,"name":"Home","item":"https:\/\/2030evactionplan.thedev.ca\/fr\/"},{"@type":"ListItem","position":2,"name":"Accueil"}]},{"@type":"WebSite","@id":"https:\/\/2030evactionplan.thedev.ca\/#website","url":"https:\/\/2030evactionplan.thedev.ca\/","name":"Electric Mobility Canada","description":"100% of passenger vehicle sales in Canada. By 2030.","publisher":{"@id":"https:\/\/2030evactionplan.thedev.ca\/#organization"},"potentialAction":[{"@type":"SearchAction","target":{"@type":"EntryPoint","urlTemplate":"https:\/\/2030evactionplan.thedev.ca\/?s={search_term_string}"},"query-input":"required name=search_term_string"}],"inLanguage":"fr-FR"},{"@type":"Organization","@id":"https:\/\/2030evactionplan.thedev.ca\/#organization","name":"Electric Mobility Canada Mobilit\u00e9 \u00e9lectrique Canada","url":"https:\/\/2030evactionplan.thedev.ca\/","logo":{"@type":"ImageObject","inLanguage":"fr-FR","@id":"https:\/\/2030evactionplan.thedev.ca\/#\/schema\/logo\/image\/","url":"https:\/\/2030evactionplan.thedev.ca\/wp-content\/uploads\/2022\/03\/1-2.png","contentUrl":"https:\/\/2030evactionplan.thedev.ca\/wp-content\/uploads\/2022\/03\/1-2.png","width":940,"height":788,"caption":"Electric Mobility Canada Mobilit\u00e9 \u00e9lectrique Canada"},"image":{"@id":"https:\/\/2030evactionplan.thedev.ca\/#\/schema\/logo\/image\/"},"sameAs":["https:\/\/twitter.com\/EMC_MEC","https:\/\/www.linkedin.com\/company\/electric-mobility-canada\/","https:\/\/www.youtube.com\/channel\/UC9lFBv32xJNRHcQvteDOW-w"]}]}},"_links":{"self":[{"href":"https:\/\/2030evactionplan.thedev.ca\/fr\/wp-json\/wp\/v2\/pages\/333"}],"collection":[{"href":"https:\/\/2030evactionplan.thedev.ca\/fr\/wp-json\/wp\/v2\/pages"}],"about":[{"href":"https:\/\/2030evactionplan.thedev.ca\/fr\/wp-json\/wp\/v2\/types\/page"}],"author":[{"embeddable":true,"href":"https:\/\/2030evactionplan.thedev.ca\/fr\/wp-json\/wp\/v2\/users\/1"}],"replies":[{"embeddable":true,"href":"https:\/\/2030evactionplan.thedev.ca\/fr\/wp-json\/wp\/v2\/comments?post=333"}],"version-history":[{"count":25,"href":"https:\/\/2030evactionplan.thedev.ca\/fr\/wp-json\/wp\/v2\/pages\/333\/revisions"}],"predecessor-version":[{"id":1141,"href":"https:\/\/2030evactionplan.thedev.ca\/fr\/wp-json\/wp\/v2\/pages\/333\/revisions\/1141"}],"wp:featuredmedia":[{"embeddable":true,"href":"https:\/\/2030evactionplan.thedev.ca\/fr\/wp-json\/wp\/v2\/media\/973"}],"wp:attachment":[{"href":"https:\/\/2030evactionplan.thedev.ca\/fr\/wp-json\/wp\/v2\/media?parent=333"}],"curies":[{"name":"wp","href":"https:\/\/api.w.org\/{rel}","templated":true}]}}

<!-- This site is optimized with the Yoast SEO plugin v22.1 - https://yoast.com/wordpress/plugins/seo/ -->
<title>Accueil - Electric Mobility Canada</title>
<meta name="robots" content="noindex, follow, max-snippet:-1, max-image-preview:large, max-video-preview:-1" />
<meta property="og:locale" content="fr_FR" />
<meta property="og:type" content="article" />
<meta property="og:title" content="Mon Canada roule électrique" />
<meta property="og:description" content="Il est temps pour le Canada de faire la transition vers les véhicules électriques." />
<meta property="og:url" content="https://2030evactionplan.thedev.ca/fr/" />
<meta property="og:site_name" content="Electric Mobility Canada" />
<meta property="article:modified_time" content="2023-09-05T19:09:34+00:00" />
<meta property="og:image" content="https://2030evactionplan.thedev.ca/wp-content/uploads/2022/03/1-4.png" />
	<meta property="og:image:width" content="940" />
	<meta property="og:image:height" content="788" />
	<meta property="og:image:type" content="image/png" />
<meta name="twitter:card" content="summary_large_image" />
<meta name="twitter:title" content="Mon Canada roule électrique" />
<meta name="twitter:description" content="Il est temps pour le Canada de faire la transition vers les véhicules électriques." />
<meta name="twitter:image" content="https://2030evactionplan.thedev.ca/wp-content/uploads/2022/03/1-5.png" />
<meta name="twitter:site" content="@EMC_MEC" />
<script type="application/ld+json" class="yoast-schema-graph">{"@context":"https://schema.org","@graph":[{"@type":"WebPage","@id":"https://2030evactionplan.thedev.ca/fr/","url":"https://2030evactionplan.thedev.ca/fr/","name":"Accueil - Electric Mobility Canada","isPartOf":{"@id":"https://2030evactionplan.thedev.ca/#website"},"datePublished":"2021-09-27T14:41:37+00:00","dateModified":"2023-09-05T19:09:34+00:00","breadcrumb":{"@id":"https://2030evactionplan.thedev.ca/fr/#breadcrumb"},"inLanguage":"fr-FR","potentialAction":[{"@type":"ReadAction","target":["https://2030evactionplan.thedev.ca/fr/"]}]},{"@type":"BreadcrumbList","@id":"https://2030evactionplan.thedev.ca/fr/#breadcrumb","itemListElement":[{"@type":"ListItem","position":1,"name":"Home","item":"https://2030evactionplan.thedev.ca/fr/"},{"@type":"ListItem","position":2,"name":"Accueil"}]},{"@type":"WebSite","@id":"https://2030evactionplan.thedev.ca/#website","url":"https://2030evactionplan.thedev.ca/","name":"Electric Mobility Canada","description":"100% of passenger vehicle sales in Canada. By 2030.","publisher":{"@id":"https://2030evactionplan.thedev.ca/#organization"},"potentialAction":[{"@type":"SearchAction","target":{"@type":"EntryPoint","urlTemplate":"https://2030evactionplan.thedev.ca/?s={search_term_string}"},"query-input":"required name=search_term_string"}],"inLanguage":"fr-FR"},{"@type":"Organization","@id":"https://2030evactionplan.thedev.ca/#organization","name":"Electric Mobility Canada Mobilité électrique Canada","url":"https://2030evactionplan.thedev.ca/","logo":{"@type":"ImageObject","inLanguage":"fr-FR","@id":"https://2030evactionplan.thedev.ca/#/schema/logo/image/","url":"https://2030evactionplan.thedev.ca/wp-content/uploads/2022/03/1-2.png","contentUrl":"https://2030evactionplan.thedev.ca/wp-content/uploads/2022/03/1-2.png","width":940,"height":788,"caption":"Electric Mobility Canada Mobilité électrique Canada"},"image":{"@id":"https://2030evactionplan.thedev.ca/#/schema/logo/image/"},"sameAs":["https://twitter.com/EMC_MEC","https://www.linkedin.com/company/electric-mobility-canada/","https://www.youtube.com/channel/UC9lFBv32xJNRHcQvteDOW-w"]}]}</script>
<!-- / Yoast SEO plugin. -->

Mon Canada roule électrique

Il est temps pour le Canada de faire la transition vers les véhicules électriques.

Electric Mobility Canada Mobilité électrique Canada
